 highest common divisor of x and 630?
90
Let a = 446 - 198. Let v(y) = y**2 + 21*y - 15. Let j be v(-20). Let r be (-152)/(-5) - 21/j. Calculate the greatest common factor of a and r.
31
Let h(i) be the second derivative of -i**5/20 + 5*i**4/12 - i**3/2 + 11*i**2/2 - 77*i + 2. Let z be h(4). Calculate the highest common divisor of 765 and z.
15
Let p(h) = h**3 + 5*h**2 - 25*h - 109. Let z be p(-4). Calculate the greatest common divisor of z and 17.
1
Suppose -27*c = -28*c + 59. Suppose c*w = 64*w - 255. Calculate the highest common factor of w and 459.
51
Let t(f) = f**3 - 4*f**2 + f + 6. Let h be t(-3). Let k be ((18/12)/(-3))/(3/h). Let n be (-4)/10 + 1206/15. What is the greatest common factor of n and k?
10
Let q(l) = -3*l**2 - 24*l - 16. Let a be q(-7). Suppose -2*j + 40 = 2*w - 44, 5*j + 170 = a*w. Calculate the greatest common factor of w and 418.
38
Let y be ((-6)/(-21))/(-2 + 29/14). Let s(d) = -d**3 + 32*d**2 + 68*d + 4. Let z be s(34). What is the greatest common factor of y and z?
4
Suppose 3*m = 2*l - 154, l + m = 3*l - 154. Suppose -2*d = -l - 47. Let u = d - 42. What is the greatest common divisor of 10 and u?
10
Let t = -14512 + 23641. Calculate the highest common factor of t and 255.
51
Let d(h) = 3*h**2 - 14*h - 41. Let g be d(-25). Suppose -19*z + 7*z + g = 0. What is the greatest common divisor of z and 14?
14
Let m(l) = -5*l + 8. Let c be m(-4). Let t be 8/c + 1270/14. Suppose 5*f = -2*q + 45, 2*f = -f + q + 16. What is the greatest common factor of t and f?
7
Suppose -192 - 188 = -19*n. Suppose 7*i - 2*i - 25 = 0. Let a be n/(i - 1)*1. What is the greatest common divisor of a and 3?
1
Suppose 0 = 115*d - 120*d + 34890. Calculate the greatest common factor of 6 and d.
6
Let h(f) = -63*f + 2759. Let m be h(43). What is the greatest common divisor of 530 and m?
10
Let h(m) = -9*m + 3. Let w be h(5). Let r = w - -30. Let d = 3 - r. What is the highest common divisor of 75 and d?
15
Suppose -42*n = -58*n + 15216. What is the greatest common divisor of 3 and n?
3
Let z = -1715 - -1820. Calculate the greatest common divisor of z and 189.
21
Suppose 17*p + 1745 - 15652 = 19124. Calculate the greatest common factor of 232 and p.
29
Let c(i) = -107*i + 1. Let h be c(-3). Let a = -206 + h. What is the greatest common factor of a and 58?
58
Let h(w) = -2*w**2 + 18*w - 14. Let s be h(8). Let y be (-47)/(-5 + 8/s). Calculate the greatest common divisor of 517 and y.
47
Let f = 185136 + -185116. Suppose -s - 3*s = -4*g + 3456, -g + 844 = 4*s. What is the greatest common divisor of g and f?
20
Suppose -132 = -3*r - 3*h, r - 5*h + 128 = 4*r. Suppose j = 4*l - 1466, 3*l - 1109 = j - 11. What is the greatest common factor of l and r?
46
Let n = 51 - 13. Suppose -s = 2*z + 15 - 19, -6 = -3*z - 2*s. What is the greatest common divisor of z and n?
2
Let t be 2 - (-195)/13 - (-6 + 2). Suppose 0 = -4*x + 2*r + r + 379, -5*x + 5*r = -480. What is the greatest common factor of t and x?
7
Let l = 791 + -747. Suppose 0 = -10*i + l + 946. Calculate the highest common factor of 121 and i.
11
Suppose -3*o - 5*y = -101, -5*o - y + 85 = -2*o. Suppose -9*d = 2*d - 11. Let c be 32 - 1*(d + 4). What is the greatest common divisor of c and o?
27
Let y(k) = 5*k + 373*k**2 + 1 - 3 - 3*k + k. Let j be y(1). What is the highest common divisor of 22 and j?
22
Let z(q) = q**2 - 29*q + 241. Let r be z(9). Let j(x) = 11*x - 10. Let p be j(11). Let g = p - r. Calculate the greatest common divisor of 50 and g.
50
Let g(i) = -i**3 + 31*i**2 + 374*i - 175. Let d be g(40). What is the greatest common divisor of d and 5?
5
Let i = 4329 - 4257. Calculate the greatest common factor of i and 1536.
24
Let x(c) = 7*c**2 - 153*c - 465. Let v be x(-3). Calculate the highest common factor of v and 23294.
19
Let u be ((-170)/680)/(1/(-3560)). Suppose 3*t - 5*t + 22 = 2*b, 0 = -3*b + 3*t + 27. What is the greatest common divisor of u and b?
10
Let l = -180 + 180. Suppose -443*u + 440*u + 63 = l. Suppose 3*k = 2*a + 13, 5*a + 22 = -0*k + 4*k. Calculate the highest common divisor of k and u.
3
Let v = 6 + 104. Suppose 0 = 3042*q - 3037*q - 15. Suppose q*l = t + 67, -4*t + 3*t = 1. Calculate the highest common divisor of l and v.
22
Let h = -482 - -677. Suppose -x = x, 3*x + h = m. Calculate the greatest common divisor of m and 30.
15
Let f = 3543 - 3311. Calculate the highest common divisor of f and 8.
8
Let u(w) be the first derivative of -4*w**2 - 3*w - 9. Let z be u(-2). Let c = -240 + 279. What is the highest common divisor of z and c?
13
Let v be 22 - 27 - 13*-1. Suppose v*y + 113 = 401. What is the highest common divisor of 18 and y?
18
Let r be 2/7 + 8/(-28). Suppose r = i + 12 - 64. What is the greatest common factor of 104 and i?
52
Suppose t - 10 - 1 = 0. Suppose 4*x - 8 = 8. Suppose -4*m + 0*m + w + 488 = 0, x*w = -16. What is the highest common divisor of t and m?
11
Let d(r) be the first derivative of 3*r**4/4 - 14*r**3/3 + 3*r**2 + 15*r + 110. Let y be d(7). What is the greatest common factor of 20 and y?
20
Let y(w) = 19*w - 19. Let f(g) = -g**2 - 9*g + 3. Let l be f(-10). Let h be y(l). Let u = -102 - h. Calculate the highest common divisor of 125 and u.
25
Let q be -4*(-9)/(-30)*1045/(-33). Suppose 10*n + q = 2*i + 6*n, -2 = i + 5*n. What is the highest common divisor of i and 39?
13
Let t = 20 - 16. Suppose 13 = -z - t*q, -2*q = 2*q + 20. Let j be 28*(-8)/(-32)*11. What is the greatest common divisor of j and z?
7
Let b(z) = z**3 + 36*z**2 - 119*z - 54. Let v be b(-39). Suppose 0 = 25*u - v*u - 276. What is the greatest common divisor of u and 12?
12
Suppose 0 = -4*j + 133*d - 137*d + 104, -4*d = 5*j - 126. What is the highest common divisor of j and 3938?
22
Suppose -5*n + 131 = s, 0 = 4*n + 4*s - 3*s - 104. Let f = 30 + -29. What is the greatest common factor of n and f?
1
Let v = -2 - -3. Let m be (0 - v - 0)*-36. Let k be (0 + 18/17)/(14724/166872). What is the highest common divisor of m and k?
12
Let q(n) = -16*n + 18. Let v be q(0). Suppose 1435 = v*z - 11*z. Calculate the highest common divisor of 82 and z.
41
Let a be (15/5)/(222/3848). What is the highest common factor of a and 1573?
13
Suppose 0 = -j - 3*v - 13, 5*j + 4*v + 11 = 10*j. Let w be ((-12)/(-9))/((-6)/621)*j. What is the greatest common divisor of w and 92?
46
Suppose -4*n + 4146 = -o, -4*n - 5*o + 4148 = -7*o. Suppose 5*b + 3 = -12, -4*f = -4*b - n. What is the greatest common factor of 160 and f?
32
Suppose q - 465 = -3*v + 4*q, 0 = q - 5. Let g(y) = y**3 + 4*y**2 - 8*y - 19. Let z be g(-2). What is the greatest common divisor of v and z?
5
Let a(k) = -156*k**2 + 363*k + 66. Let y(s) = -12*s**2 + 28*s + 5. Let r(t) = 2*a(t) - 27*y(t). Let q be r(-2). What is the greatest common factor of 35 and q?
35
Let z(u) = 2*u + 134. Let c be z(35). Suppose 3*r - 159 = c. Calculate the highest common factor of 11 and r.
11
Let r be (208/(-91))/(2*(-3)/105). Calculate the highest common divisor of 5560 and r.
40
Suppose 2*s = -25*s - 32*s + 6726. What is the greatest common divisor of s and 2356?
38
Suppose 5*s - 10917 = 4*g, -3*s - 6*g = -8*g - 6553. What is the highest common divisor of 1592 and s?
199
Let v = -229 + 436. Suppose -5*z + 100 = 2*t, -2*t - 11*z = -5*z - 102. Calculate the greatest common divisor of t and v.
9
Let h = 3208 + -1240. Calculate the highest common factor of 32 and h.
16
Suppose 5*r + k = 5097, -34*k = -29*k + 15. Calculate the greatest common divisor of r and 765.
255
Let a be ((-153)/6 - -2)*-4. Suppose 3*o - a = 5*m, 5*o - 29 = 4*m + 41. Let f = m - -29. What is the highest common factor of f and 81?
9
Let i = 189 + -181. Suppose -19*m + 902 + 466 = 0. What is the greatest common factor of m and i?
8
Suppose -y + 757 = -3*x, 5*x - 2*y - 362 + 1624 = 0. Let f be 1/9 - 1232/x. Let h be 15*(6/(-9))/(-1). Calculate the highest common divisor of h and f.
5
Suppose 6*t - 8*t = 2*l - 10, 3*l + 6 = 0. Suppose -2*x + 134 = 4*g, -g - 5*x + t + 22 = 0. Calculate the highest common divisor of g and 2.
2
Let t be 494 - (2400/10)/(-15). Let x(u) = 2*u**3 + 10*u**2 - 3*u. Let v be x(-5). Calculate the highest common factor of t and v.
15
Let w(d) = -63*d - 1799. Let v be w(-140). Calculate the highest common divisor of 59 and v.
59
Let b(t) = 321*t**2 - 178*t + 1270. Let l be b(7). Wh